git of k?
4
Suppose -t + 65 - 26 = 0. What is the units digit of t?
9
Let p(n) = -n**2 + 6*n - 3. Let j be p(5). Let i(t) = -1 - 2*t + t**j + 6*t + 3*t. What is the units digit of i(-8)?
7
Suppose 4*w + 30 = 2*s, 0*w + w = -3*s + 24. Suppose -5*r + 63 = 4*b, 5 + s = b + 3*r. What is the tens digit of b?
1
Let z(j) = -j**2 + 11*j - 7. Let g be z(10). Suppose -4*u + 3*u - 3*c = 30, 50 = -g*u + c. Let d = u - -32. What is the units digit of d?
4
Let x(a) = -a**3 - 14*a**2 - 4*a - 21. Let o be x(-14). Let g = o - 25. What is the tens digit of g?
1
Suppose -2*o = -0*o + 5*x + 6, 4*o = -x + 6. What is the units digit of (-165)/10*o/(-3)?
1
Let b = 19 - -10. What is the tens digit of b?
2
Suppose 74 = -0*v + 2*v. Suppose 0 = 2*n - v + 15. What is the tens digit of n?
1
What is the tens digit of (5 - 96/18) + 1430/6?
3
Let j(l) = l**2 + 8*l + 16. What is the tens digit of j(-13)?
8
Suppose -220 = -3*s + s + 3*k, -5*k - 20 = 0. What is the units digit of s?
4
Let x(o) be the second derivative of -o**5/20 + 3*o**4/4 - o**3 - 9*o**2/2 - 4*o. Let h(y) = y + 2. Let l be h(6). What is the units digit of x(l)?
7
Let d be (1 - 0)/((-1)/(-3)). Suppose 0 = 3*v + d*z - 66, 0 = 2*v - 4*z + z - 49. What is the tens digit of v?
2
Suppose -26 - 94 = 5*a. Let x = -10 - a. What is the tens digit of x?
1
Suppose -20 = 3*j - 7*j. Suppose 50 = 5*m + j. What is the units digit of m?
9
Suppose -3*d + 4*b = 34, 5*b - 6 = d + b. Let u = 32 + d. What is the units digit of u?
8
Suppose c = 2*v - 11, -3*c + 4*c - 31 = -4*v. What is the units digit of 0 + 1 + v + -1?
7
Let u(p) = 3*p**2 + 3*p - 3. What is the units digit of u(2)?
5
Let n be 3/6 + (-7)/(-2). Suppose -2*q - 4*s + 7 = -q, -4*s + n = 0. Suppose -q*i = -2*i - 5. What is the units digit of i?
5
Suppose 0 = -2*y - h + 7, -2*y + 2*h + 14 = 4. What is the units digit of y?
4
Suppose d - 4*d = 4*p + 23, 2*d = 4*p - 42. Let i = -2 - d. What is the units digit of i?
1
Suppose -21*m + 16*m = -230. What is the tens digit of m?
4
Suppose -4*v + 20 = s + 2*s, 0 = 2*v + 2*s - 8. Let p = -5 + v. Suppose 5*y - 4*n - 22 = 21, 4*y + p*n = 53. What is the units digit of y?
1
Suppose -4*u + 182 = -3*m, 0*u - 184 = -4*u + 2*m. What is the units digit of u?
7
Let g = -2 - -7. Suppose -3*r - 40 = -7*r. Let y = r - g. What is the units digit of y?
5
Let t(s) = s**2 + 7*s - 3. Let o be t(-8). Suppose -h + 8 = -o*l + 23, -3*l = -4*h + 8. Suppose 7*u - 2*u + f = 5, h*f = u - 1. What is the units digit of u?
1
Let j(v) = -v**2 - 5*v - 3. Let q be j(-3). Let l(h) = 2*h - 4. What is the units digit of l(q)?
2
Let f = 18 - 10. What is the units digit of (2 - 6/2) + f?
7
Suppose -16 = -2*x - 0*x. Let s(v) = v - 13. Let w be s(x). What is the tens digit of (6/w)/((-6)/60)?
1
Let b(o) = -o**3 + 7*o**2 + o - 7. Let j be b(7). Suppose j*k - k + 5 = 0. Suppose -24 = -k*u + 2*u. What is the units digit of u?
8
Let b(a) be the third derivative of -a**4/12 - 5*a**3/6 - a**2. What is the units digit of b(-4)?
3
Let z = 61 + -34. Suppose 2*f = 4*f - v - z, 4*v = f - 31. What is the units digit of f?
1
Suppose -3*h = -5*z - 18, -15 = 4*z - 4*h + 1. Let j be -2 - z - (0 + -2). Suppose 39 = 4*n - j*c, -3*n - 5*c + 2*c = -24. What is the units digit of n?
9
Suppose 3*y - 100 = -2*y. What is the units digit of y?
0
Let g(u) = -u**2 - 4*u - 1. Let v be g(-4). Let f be (0 + 1)*v*-2. Let d = f - 0. What is the units digit of d?
2
Let v(x) = 5*x**2 - 34*x - 17. Let w(m) = 2*m**2 - 11*m - 6. Let y(r) = 3*v(r) - 8*w(r). What is the tens digit of y(-12)?
2
Suppose 2*n - 1 = 3*u, 5*u - 8 + 1 = -n. Let j = 13 - n. What is the units digit of j?
1
Let p(x) = x**2 + 5*x + 12. What is the units digit of p(-10)?
2
Suppose 2*v + 2*u + 5 = -3*v, 3*v - 5*u - 28 = 0. Let c = v - 1. What is the units digit of 7*(c + 1)*1?
7
Let h(x) = -x**3 - 9*x**2 + 12*x + 9. Let g be h(-10). Let r = 23 + g. What is the tens digit of r?
1
Let g = 54 - 34. What is the units digit of g?
0
Let v = -27 + 39. Suppose w + 2*w = c - v, c - 4*w = 13. What is the units digit of c?
9
Let r(a) = -a**3 - 7*a**2 + 2*a - 18. What is the tens digit of r(-8)?
3
Suppose 165 = -0*h + 5*h. What is the units digit of h?
3
What is the units digit of (-5 - -2) + 1 - -69?
7
Suppose 0 = -o + 66 - 4. What is the tens digit of o?
6
Let q be 9/(-27) - (-2)/6. Let m(t) = -t**2 + t + 49. What is the tens digit of m(q)?
4
Let y(g) = -g**2 + 4*g + 4. Let a(n) = 3*n**2 - 7*n - 8. Let c(h) = -2*a(h) - 5*y(h). What is the units digit of c(-5)?
1
Let i(z) = 2*z + 7. What is the tens digit of i(17)?
4
Let v = 0 - -16. What is the units digit of v?
6
Let p = 19 - 11. What is the units digit of p?
8
Suppose -l = -3*l. Suppose -3*h = -j - 38, h = 3*j - l + 10. What is the tens digit of h?
1
Suppose 0 = -3*v - 4*m + 133, m + 3 = 1. What is the tens digit of v?
4
Let s be ((-1)/(-1))/(1/4). Let y(q) = -q**3 - 2*q**2 + 1. Let c be y(-2). Let o = s - c. What is the units digit of o?
3
Let g(z) = -1 + z**2 - 1 + 2*z - z. Let n be 69/21 - 6/21. What is the tens digit of g(n)?
1
Let q = -3 + 13. What is the units digit of q?
0
Suppose -5*d - 2*r - 156 = 0, 4*d + 84 = -5*r - 51. What is the units digit of (12/d)/(1/(-25))?
0
Let c = -22 - -48. What is the units digit of c?
6
Suppose 5*x = 62 + 78. What is the units digit of x?
8
Let t(c) = -55*c**2 - 26*c - 10. Let o(j) = -11*j**2 - 5*j - 2. Let m(l) = -11*o(l) + 2*t(l). What is the units digit of m(2)?
2
Let o = 2 + 1. Let a be o*2 - (0 + 2). Suppose -a*y = u - 0 - 4, -2*y = u. What is the units digit of y?
2
Let w(u) = -u**3 + 9*u**2 + 2*u + 6. Let p be w(9). Suppose -5*x + 32 + p = 3*y, 4*y + 77 = 5*x. Suppose -x = -5*s + 7. What is the units digit of s?
4
Let a be 1/3*(6 + -3). What is the tens digit of 0 - (-17)/(1/a)?
1
Suppose -3*w = w + 5*t + 33, -2*w - 2*t - 14 = 0. Let o be (w - 6/(-3))/(-1). Suppose i - 17 = -0*g + 3*g, -i - 2*g - 8 = o. What is the units digit of i?
2
Suppose -2*p = 3*p - 125. What is the tens digit of p?
2
Let o(x) = -x + 17 + 4*x - 8. What is the units digit of o(9)?
6
Let z = 12 - 7. Let q be -4*6/(-20)*z. Suppose -f - 2 = -q. What is the units digit of f?
4
Let w = 45 - -2. What is the tens digit of w?
4
Suppose 0*z + 3*u = 2*z - 3, 0 = -u + 1. Suppose v + 60 - 13 = z*p, 50 = 3*p + 2*v. What is the tens digit of p?
1
Let k = -127 + 185. What is the units digit of k?
8
Let w(a) = 6*a + 5. What is the units digit of w(23)?
3
Let f = -10 - -6. Let y be 2 - 166*2/f. Suppose -6*o + o = -y. What is the tens digit of o?
1
Let n = 255 - 117. What is the tens digit of n?
3
Suppose -5*p = -3*w - w + 70, -2*p = -4*w + 64. Let n = 12 + w. What is the units digit of n?
7
Let n = 11 + -3. What is the units digit of n?
8
Let v(t) = t + 4. Let s be v(-2). Suppose -5*n + g + 35 = -4*g, -4*g - 22 = -s*n. What is the units digit of n?
3
Let x be 2*1*(-5)/10. What is the units digit of (x + 6)*(-1)/(-5)?
1
Let c = -7 - -5. Let f be (c + -4)/(-4 + 2). Suppose -k - f*k + 8 = 0. What is the units digit of k?
2
Let j(i) = i**3 + 7*i**2 - 9*i - 8. Let g = 17 - 25. Let m be j(g). What is the units digit of 0/(-2) + m - -6?
6
Let t be 0 - (-5 + 1/1). Let m(g) = t - 1 - 2*g + 1 - 7. What is the units digit of m(-2)?
1
Let t(a) = a + 9. Let w be t(-7). Let c be 3/12 + 10/(-8). Let i = w + c. What is the units digit of i?
1
Let o be -2 - (-2 - 6)*1. What is the tens digit of 174/9*o/4?
2
Suppose -y + x + 3 = 0, -7 = -4*y + 8*x - 3*x. What is the tens digit of 204/21 - y/(-28)?
1
Let l(r) = 2*r**2 + 3*r - 2. Suppose 2*p - 53 = 3*a, 5*p - 33 = 3*p - a. Suppose -y + 4*z = p, 3*y + 8*z - 11 = 3*z. What is the units digit of l(y)?
7
Suppose -3*a = -6*a + 27. Let s = 22 - a. Let p = s - 7. What is the units digit of p?
6
Suppose 0 = -3*r + 1 + 65. What is the units digit of r?
2
Suppose 2*j = -5*h + 545, -3*j - 50 = -2*h + 168. What is the hundreds digit of h?
1
Suppose -k = -4*j + 2*j + 9, 0 = -5*j - 5*k - 15. Suppose -5*q = -2*c - 12 + 49, 0 = -5*c + j*q + 40. What is the units digit of c?
6
Let w(h) = -3*h + 5. What is the units digit of w(-3)?
4
Suppose -2*r = -5*m + 3*m - 74, -2*r + 74 = 4*m. What is the tens digit of r?
3
Let j be 2*-1*15/(-10). Suppose -7 = m + 5*z, m + 5*z = j*m - 16. What is the units digit of m?
3
Suppose 0 = j - 3*l - 24, -1 = -l - 2. What is the units digit of